y - 0 - 14. Let k be (-1)/2*(-1 + -77). What are the prime factors of (12/y - 1)*k?
13
Suppose 3*a - 87 = 2*u, -2*a - 2*a = -4*u - 180. List the prime factors of ((-3)/6)/(2/u).
2, 3
Suppose -9 = -6*i + 3*i. Suppose -i*h + 21 = -57. List the prime factors of h.
2, 13
Let h = -40 - -56. Suppose 0 = 4*m - 0*j - 4*j - h, -m - j = 0. List the prime factors of m.
2
Let a(v) be the first derivative of v**3/3 - v**2/2 + v - 4. List the prime factors of a(5).
3, 7
Suppose -2*p = -5*i - 0*p + 569, 4*p - 242 = -2*i. What are the prime factors of i?
5, 23
Let s = 3 - 4. Let n be (7 - -2 - s) + -2. Suppose -3*o + n = -10. What are the prime factors of o?
2, 3
Let a(y) = 6*y - 20. Let i(d) = 2*d - 7. Let f(c) = -3*a(c) + 8*i(c). List the prime factors of f(-3).
2, 5
Let b = 22 + -7. List the prime factors of b.
3, 5
Suppose 2*y + 7 = y. Let n = 20 + y. What are the prime factors of n?
13
Let l be (5 + (-2 - -2))*2. Suppose 5*j + 33 + 2 = 0. Let g = j + l. What are the prime factors of g?
3
Suppose 0*d = -5*d - 110. Let b = d - -33. What are the prime factors of b?
11
Let c = -8 + 8. Let i(k) be the second derivative of -k**4/12 + k**3/6 + 4*k**2 + k. What are the prime factors of i(c)?
2
Let a(n) = 5 - 2*n**2 + n**2 + 1 + 5*n. Let q be a(6). Suppose -2*s + 4 = -q. List the prime factors of s.
2
Let u(f) be the first derivative of -f**2/2 - 4. What are the prime factors of u(-2)?
2
Let b = 46 - 21. Suppose 4*k = -2*j + 5 + b, -3*k - 4*j + 30 = 0. Let v = k - -1. What are the prime factors of v?
7
Let y(l) = -17*l - 13. What are the prime factors of y(-8)?
3, 41
Let g = -228 - -146. What are the prime factors of (-1)/(-6) - g/12?
7
What are the prime factors of (-19568)/(-96) + 1/6?
2, 3, 17
Suppose -5*y + n + 16 + 5 = 0, 3*n = -4*y + 32. Suppose 2*k = 5*p + 8, k = p - 2*k + 12. Suppose p*r + y = r. What are the prime factors of r?
5
Let j(z) = z + 1. Let h be j(2). Let o(k) = k**2 - 4*k + 2. Let w be o(h). List the prime factors of w/(-2)*(-30)/(-5).
3
Let p(d) = d**3 + 6*d**2 + 2*d - 4. Let s be p(-5). Suppose 0 = a + s. Let r = -5 - a. What are the prime factors of r?
2, 3
Suppose -9 = 4*q - q. Let x = 8 + q. What are the prime factors of x?
5
Let u(l) = 45*l**3 + 2*l**2 - 1. List the prime factors of u(1).
2, 23
Suppose 0 = 2*a - 12 + 2. What are the prime factors of a/((-3)/(-2 + -1))?
5
Let a = 4 + -5. Let f(s) = -11*s**2 + 4*s + 5. Let i(q) = -q**2 + q + 1. Let p(m) = a*f(m) + 4*i(m). List the prime factors of p(1).
2, 3
What are the prime factors of 215 + (-1 - -3) - 2?
5, 43
Let x(i) = i + 8. Let u be x(-3). Suppose 4*c + 15 = -p + 69, -5*p + u*c + 195 = 0. What are the prime factors of p?
2, 3, 7
Let a be 3/(5/(30/9)). Suppose -a*g - 22 = -m, -2*g + 53 = 2*m + 3*g. List the prime factors of m.
2, 3
Let d(s) = s**2 + 5*s - 8. Let a be d(-6). Let x(k) = -6*k - 1. List the prime factors of x(a).
11
Suppose 0 = -2*h + 4. Suppose -5*s = -h*r + 50, 4*r + 8 = s - 0*s. What are the prime factors of (s + 6)/((-4)/6)?
3
Let r = 2 + 1. What are the prime factors of r?
3
Suppose 0*f = -2*f - 4*x + 186, 4*f - 3*x - 394 = 0. List the prime factors of f.
97
Suppose m + 4*b + 1 = 0, -2*m = 3*m + 4*b - 11. Suppose -5*v + m*v = 32. What are the prime factors of (v/(-6))/((-1)/(-3))?
2
Let o(z) = z**2 - 4*z - 1. List the prime factors of o(-10).
139
Suppose 0 + 24 = 6*n. List the prime factors of n.
2
Suppose 164 = -8*i + 4*i. Let z = 71 + i. List the prime factors of z.
2, 3, 5
Let l be (-36)/(-15)*(-30)/(-4). Let z be 3*3/(l/4). Suppose -z = k - 10. What are the prime factors of k?
2
Let s(h) = -h**2 - 5*h - 2. Let d be s(-3). Let m = 4 + -1. What are the prime factors of (-18)/(-4)*d/m?
2, 3
Let t be (5 - 6)/((-1)/(-4)). List the prime factors of 2/(-3*t/54).
3
Let r = 14 - 5. List the prime factors of r.
3
Let t be 1/(1*(-3)/(-12)). Let g be (2 - t)*-1 - -4. Suppose -h = -0*h - g. List the prime factors of h.
2, 3
Let r(d) = -d**3 - 3*d**2 + 4*d - 2. Let p be r(-4). What are the prime factors of 9/p*(-10)/15?
3
Let p = 289 + -191. List the prime factors of p.
2, 7
Let m = -12 + 22. Suppose -2*d = m, 0 = 2*k - 4*d - 55 + 9. List the prime factors of k.
13
Let w(f) = -11*f + 6*f - f**3 + 7*f. What are the prime factors of w(-2)?
2
Let y = 28 - 10. List the prime factors of y.
2, 3
Let n = 53 - 0. List the prime factors of n.
53
Suppose i - 5*i = -5*r - 5, 5*i = 2*r + 19. Let p = i - -18. What are the prime factors of p?
23
Let v be (-15)/(-9) - 2/(-6). Suppose -3*a + 3*k + 3 = 0, -v*a - 3*a - 4*k = -23. What are the prime factors of a?
3
Let m(u) = -u - 6. Let b be m(0). Let p = b - 6. List the prime factors of 3/p - 58/(-8).
7
Suppose 3*n - 7*n = -12. List the prime factors of n.
3
Let t = 527 - 297. List the prime factors of t.
2, 5, 23
Let u(w) = 7*w - 14. List the prime factors of u(16).
2, 7
Suppose -3*x + 30 = -12. List the prime factors of x.
2, 7
Let t = -7 - -4. Let y = 8 - t. Let d = -5 + y. List the prime factors of d.
2, 3
Suppose 7*b = 2*b + 5. Let o(w) = 15*w**2 - w. What are the prime factors of o(b)?
2, 7
Suppose -w + 4*u + 35 + 37 = 0, 5*w - 480 = -4*u. What are the prime factors of w?
2, 23
Let r = -5 - -25. What are the prime factors of r?
2, 5
Suppose 2*j - 86 = 24. What are the prime factors of j?
5, 11
Let a = 171 + 12. What are the prime factors of a?
3, 61
Let y = 6 + -6. List the prime factors of (-1)/(1/(-6)) - y.
2, 3
Suppose -4*c = 2*j - 166, -7*c + 3*c + 4*j = -172. What are the prime factors of c?
2, 3, 7
Let t(l) = 72*l + 3. List the prime factors of t(1).
3, 5
Let t(d) = d**3 - 17*d**2 + d - 11. List the prime factors of t(17).
2, 3
Let x be (-8)/(-12)*(-2 + -1). List the prime factors of (x + 1 - -1) + 14.
2, 7
Suppose -4*d = 4*o + 16, -6*o - 8 = -o + 2*d. Suppose 2*c + o*c = 56. What are the prime factors of c?
2, 7
Suppose -4*i + 5*u + 365 = 0, -202 = -2*i - 0*i - 4*u. List the prime factors of i.
5, 19
Suppose -6*o + 8*o - 112 = 0. What are the prime factors of o?
2, 7
Let b = 5 - 2. Suppose -b*o = -7*o + 52. List the prime factors of o.
13
Suppose 3*q - 57 = 4*z - 0, -2*q + 4*z = -38. List the prime factors of q.
19
Suppose -3*p + 17 = 5. Let o = p - 4. Suppose 7*q = 4*q + 6, 5*a + 3*q - 21 = o. What are the prime factors of a?
3
Suppose 4*m - 46 = 22. Let b = -194 + 271. Suppose 5*c + m = b. What are the prime factors of c?
2, 3
Let o be 0*1/(2 + 1). Suppose 4*k + p = 5*p + 104, o = 5*k + 3*p - 122. What are the prime factors of k?
5
Suppose -38 = -2*i + 34. Suppose -5*l + 3*v - 6*v + 28 = 0, -3*v = -3*l + i. What are the prime factors of l?
2
Suppose 30 = -0*h - 3*h. Let d(v) = -v - 4. List the prime factors of d(h).
2, 3
Suppose -20 = -3*y + 4*f, 5*y - 8*f = -3*f + 30. Suppose -y*u + 38 = -u - 4*a, -22 = -2*u + a. What are the prime factors of u?
2, 5
Let v(o) = -o**2 + 6*o + 1. Let b be v(6). List the prime factors of (-8)/(b/(-1)) - 0.
2
Let w be (-27 - -6) + 0 + 3. What are the prime factors of (-6)/(-27) - 338/w?
19
Let p = -3 + -3. Let k = 2 - p. What are the prime factors of k?
2
Suppose -2*q - 23 = -65. Let k = q + -6. What are the prime factors of k?
3, 5
Let h be 76 - (1 + 2 + -1). Suppose -n = n - h. Suppose 0 = 5*u - 28 - n. List the prime factors of u.
13
Let s = -170 - -367. What are the prime factors of s?
197
What are the prime factors of (-2*(-16 + 9))/(4/118)?
7, 59
Let h(p) = -p**2 + 28*p + 68. List the prime factors of h(25).
11, 13
Suppose 4*k + 327 = -9. Let r = 130 + k. Suppose 5*p = 4*h + r, 3*h - 2 = h. List the prime factors of p.
2, 5
Suppose 0 = -6*f + 4*f + 5*z + 33, 2*z + 6 = 0. Suppose 0 = -4*d - 1 + f. List the prime factors of d.
2
Suppose -7*z = -3*z. Suppose 113 = 3*u - a, -4*u + 152 = -z*a - a. What are the prime factors of u?
3, 13
Let w be (-22)/(-10) + 6/(-30). Let q(m) be the first derivative of m**4/4 - m**3/3 + m**2 + m + 1. List the prime factors of q(w).
3
Let x(d) = d**2 + 0*d - 2 - 3*d + 4*d - 2. List the prime factors of x(3).
2
Let p = 102 - 40. What are the prime factors of p?
2, 31
Let u = -57 - -148. What are the prime factors of u?
7, 13
Suppose -118 - 112 = -5*r. What are the prime factors of r?
2, 23
Let y(z) = z + 1. Let n(b) = b**3 + 2*b**2 + 7*b + 8. Let i(p) = -n(p) + 4*y(p). What are the prime factors of i(-3)?
2, 7
Let h(x) = -52*x + 4. What are the prime factors